{"id":4698,"date":"2024-03-20T14:02:55","date_gmt":"2024-03-20T19:02:55","guid":{"rendered":"https:\/\/alfabetovisual.com\/?page_id=4698"},"modified":"2025-12-31T09:32:30","modified_gmt":"2025-12-31T14:32:30","slug":"inicio","status":"publish","type":"page","link":"https:\/\/alfabetovisual.com\/en\/","title":{"rendered":"Inicio"},"content":{"rendered":"<div class=\"wp-block-group av-services-title-btn-container is-content-justification-space-between is-nowrap is-layout-flex wp-container-core-group-is-layout-1 wp-block-group-is-layout-flex\">\n<h3 class=\"wp-block-heading\" style=\"font-style:normal;font-weight:700\">SIGUE ESTA RUTA<\/h3>\n\n\n\n<div class=\"wp-block-buttons is-layout-flex wp-block-buttons-is-layout-flex\">\n<div class=\"wp-block-button has-custom-font-size av-button has-small-font-size\"><a class=\"wp-block-button__link has-white-color has-text-color has-background has-link-color wp-element-button\" href=\"https:\/\/alfabetovisual.com\/en\/contacto\/\" style=\"background-color:#a152fc\">CREAR MI LOGO<\/a><\/div>\n<\/div>\n<\/div>\n\n\n\n<div class=\"wp-block-columns av-services-container is-layout-flex wp-container-core-columns-is-layout-1 wp-block-columns-is-layout-flex\">\n<div class=\"wp-block-column is-layout-flow wp-block-column-is-layout-flow\" style=\"flex-basis:25%\">\n<figure class=\"wp-block-image size-large\"><img loading=\"lazy\" decoding=\"async\" width=\"874\" height=\"1024\" src=\"https:\/\/alfabetovisual.com\/wp-content\/uploads\/2025\/12\/naming-2026-874x1024.jpg\" alt=\"\" class=\"wp-image-6056\" style=\"object-fit:cover\" srcset=\"https:\/\/alfabetovisual.com\/wp-content\/uploads\/2025\/12\/naming-2026-874x1024.jpg 874w, https:\/\/alfabetovisual.com\/wp-content\/uploads\/2025\/12\/naming-2026-256x300.jpg 256w, https:\/\/alfabetovisual.com\/wp-content\/uploads\/2025\/12\/naming-2026-768x899.jpg 768w, https:\/\/alfabetovisual.com\/wp-content\/uploads\/2025\/12\/naming-2026-1312x1536.jpg 1312w, https:\/\/alfabetovisual.com\/wp-content\/uploads\/2025\/12\/naming-2026-10x12.jpg 10w, https:\/\/alfabetovisual.com\/wp-content\/uploads\/2025\/12\/naming-2026-1100x1288.jpg 1100w, https:\/\/alfabetovisual.com\/wp-content\/uploads\/2025\/12\/naming-2026-550x644.jpg 550w, https:\/\/alfabetovisual.com\/wp-content\/uploads\/2025\/12\/naming-2026-160x187.jpg 160w, https:\/\/alfabetovisual.com\/wp-content\/uploads\/2025\/12\/naming-2026.jpg 1421w\" sizes=\"(max-width: 874px) 100vw, 874px\" \/><\/figure>\n\n\n\n<h4 class=\"wp-block-heading\"><strong>Naming<\/strong><\/h4>\n\n\n\n<p>En sinton\u00eda con la identidad y visi\u00f3n de tu empresa, nuestro servicio de creaci\u00f3n de nombres ofrece variedad de opciones aut\u00e9nticas desde denominaciones s\u00f3lidas, memorables e invenciones.<\/p>\n<\/div>\n\n\n\n<div class=\"wp-block-column is-layout-flow wp-block-column-is-layout-flow\" style=\"flex-basis:50%\">\n<figure class=\"wp-block-image size-large\"><img loading=\"lazy\" decoding=\"async\" width=\"1024\" height=\"641\" src=\"https:\/\/alfabetovisual.com\/wp-content\/uploads\/2025\/12\/logo-identidad-2026-1024x641.jpg\" alt=\"\" class=\"wp-image-6057\" srcset=\"https:\/\/alfabetovisual.com\/wp-content\/uploads\/2025\/12\/logo-identidad-2026-1024x641.jpg 1024w, https:\/\/alfabetovisual.com\/wp-content\/uploads\/2025\/12\/logo-identidad-2026-300x188.jpg 300w, https:\/\/alfabetovisual.com\/wp-content\/uploads\/2025\/12\/logo-identidad-2026-768x481.jpg 768w, https:\/\/alfabetovisual.com\/wp-content\/uploads\/2025\/12\/logo-identidad-2026-1536x962.jpg 1536w, https:\/\/alfabetovisual.com\/wp-content\/uploads\/2025\/12\/logo-identidad-2026-2048x1283.jpg 2048w, https:\/\/alfabetovisual.com\/wp-content\/uploads\/2025\/12\/logo-identidad-2026-18x12.jpg 18w, https:\/\/alfabetovisual.com\/wp-content\/uploads\/2025\/12\/logo-identidad-2026-1100x689.jpg 1100w, https:\/\/alfabetovisual.com\/wp-content\/uploads\/2025\/12\/logo-identidad-2026-550x344.jpg 550w, https:\/\/alfabetovisual.com\/wp-content\/uploads\/2025\/12\/logo-identidad-2026-160x100.jpg 160w\" sizes=\"(max-width: 1024px) 100vw, 1024px\" \/><\/figure>\n\n\n\n<h4 class=\"wp-block-heading\"><strong>Dise\u00f1o de logo e identidad<\/strong><\/h4>\n\n\n\n<p>Este ayudar\u00e1 a tu instituci\u00f3n a lograr que lo identifiquen y escoja tu p\u00fablico objetivo, ya que vuelve tangible sus valores de marca asoci\u00e1ndola a formas, colores y un logotipo. El resultado es un documento para la comunicaci\u00f3n visual que puedes usar para tus estrategias comerciales y de marketing, incluye el concepto, la gu\u00eda de estilos y aplicaciones.<\/p>\n<\/div>\n\n\n\n<div class=\"wp-block-column is-layout-flow wp-block-column-is-layout-flow\" style=\"flex-basis:25%\">\n<figure class=\"wp-block-image size-large\"><img loading=\"lazy\" decoding=\"async\" width=\"874\" height=\"1024\" src=\"https:\/\/alfabetovisual.com\/wp-content\/uploads\/2025\/12\/registro-2026-874x1024.jpg\" alt=\"\" class=\"wp-image-6058\" srcset=\"https:\/\/alfabetovisual.com\/wp-content\/uploads\/2025\/12\/registro-2026-874x1024.jpg 874w, https:\/\/alfabetovisual.com\/wp-content\/uploads\/2025\/12\/registro-2026-256x300.jpg 256w, https:\/\/alfabetovisual.com\/wp-content\/uploads\/2025\/12\/registro-2026-768x899.jpg 768w, https:\/\/alfabetovisual.com\/wp-content\/uploads\/2025\/12\/registro-2026-1312x1536.jpg 1312w, https:\/\/alfabetovisual.com\/wp-content\/uploads\/2025\/12\/registro-2026-10x12.jpg 10w, https:\/\/alfabetovisual.com\/wp-content\/uploads\/2025\/12\/registro-2026-1100x1288.jpg 1100w, https:\/\/alfabetovisual.com\/wp-content\/uploads\/2025\/12\/registro-2026-550x644.jpg 550w, https:\/\/alfabetovisual.com\/wp-content\/uploads\/2025\/12\/registro-2026-160x187.jpg 160w, https:\/\/alfabetovisual.com\/wp-content\/uploads\/2025\/12\/registro-2026.jpg 1421w\" sizes=\"(max-width: 874px) 100vw, 874px\" \/><\/figure>\n\n\n\n<h4 class=\"wp-block-heading\"><strong>Registro<\/strong><\/h4>\n\n\n\n<p>Esta protecci\u00f3n fortalece la diferenciaci\u00f3n competitiva al destacar tu identidad en un mercado saturado. El registro de marca convierte tu identidad comercial en un activo valioso.<\/p>\n<\/div>\n<\/div>\n\n\n\n<h2 class=\"wp-block-heading av-blog-title has-large-font-size\">BLOG<\/h2>\n\n\n\n<div class=\"wp-block-query is-layout-flow wp-block-query-is-layout-flow\"><ul class=\"av-posts-container wp-block-post-template is-layout-flow wp-block-post-template-is-layout-flow\"><li class=\"wp-block-post post-6007 post type-post status-publish format-standard has-post-thumbnail hentry category-audios category-blog\">\n<figure class=\"alignwide wp-block-post-featured-image\"><a href=\"https:\/\/alfabetovisual.com\/en\/dinero-y-diseno\/\" target=\"_self\"  ><img loading=\"lazy\" decoding=\"async\" width=\"1920\" height=\"1080\" src=\"https:\/\/alfabetovisual.com\/wp-content\/uploads\/2025\/09\/capslock-2-1.jpg\" class=\"attachment-post-thumbnail size-post-thumbnail wp-post-image\" alt=\"Dinero y Dise\u00f1o\" style=\"object-fit:cover;\" srcset=\"https:\/\/alfabetovisual.com\/wp-content\/uploads\/2025\/09\/capslock-2-1.jpg 1920w, https:\/\/alfabetovisual.com\/wp-content\/uploads\/2025\/09\/capslock-2-1-300x169.jpg 300w, https:\/\/alfabetovisual.com\/wp-content\/uploads\/2025\/09\/capslock-2-1-1024x576.jpg 1024w, https:\/\/alfabetovisual.com\/wp-content\/uploads\/2025\/09\/capslock-2-1-768x432.jpg 768w, https:\/\/alfabetovisual.com\/wp-content\/uploads\/2025\/09\/capslock-2-1-1536x864.jpg 1536w, https:\/\/alfabetovisual.com\/wp-content\/uploads\/2025\/09\/capslock-2-1-18x10.jpg 18w, https:\/\/alfabetovisual.com\/wp-content\/uploads\/2025\/09\/capslock-2-1-1100x619.jpg 1100w, https:\/\/alfabetovisual.com\/wp-content\/uploads\/2025\/09\/capslock-2-1-550x309.jpg 550w, https:\/\/alfabetovisual.com\/wp-content\/uploads\/2025\/09\/capslock-2-1-160x90.jpg 160w\" sizes=\"(max-width: 1920px) 100vw, 1920px\" \/><\/a><\/figure>\n\n<h2 class=\"wp-block-post-title\"><a href=\"https:\/\/alfabetovisual.com\/en\/dinero-y-diseno\/\" target=\"_self\" >Dinero y Dise\u00f1o<\/a><\/h2>\n<\/li><li class=\"wp-block-post post-6002 post type-post status-publish format-standard has-post-thumbnail hentry category-audios category-blog\">\n<figure class=\"alignwide wp-block-post-featured-image\"><a href=\"https:\/\/alfabetovisual.com\/en\/narrativas-transmedia-el-arte-de-contar-historias\/\" target=\"_self\"  ><img loading=\"lazy\" decoding=\"async\" width=\"1920\" height=\"1080\" src=\"https:\/\/alfabetovisual.com\/wp-content\/uploads\/2025\/09\/carlos-scolari-2025.jpg\" class=\"attachment-post-thumbnail size-post-thumbnail wp-post-image\" alt=\"Narrativas transmedia: El arte de contar historias\" style=\"object-fit:cover;\" srcset=\"https:\/\/alfabetovisual.com\/wp-content\/uploads\/2025\/09\/carlos-scolari-2025.jpg 1920w, https:\/\/alfabetovisual.com\/wp-content\/uploads\/2025\/09\/carlos-scolari-2025-300x169.jpg 300w, https:\/\/alfabetovisual.com\/wp-content\/uploads\/2025\/09\/carlos-scolari-2025-1024x576.jpg 1024w, https:\/\/alfabetovisual.com\/wp-content\/uploads\/2025\/09\/carlos-scolari-2025-768x432.jpg 768w, https:\/\/alfabetovisual.com\/wp-content\/uploads\/2025\/09\/carlos-scolari-2025-1536x864.jpg 1536w, https:\/\/alfabetovisual.com\/wp-content\/uploads\/2025\/09\/carlos-scolari-2025-18x10.jpg 18w, https:\/\/alfabetovisual.com\/wp-content\/uploads\/2025\/09\/carlos-scolari-2025-1100x619.jpg 1100w, https:\/\/alfabetovisual.com\/wp-content\/uploads\/2025\/09\/carlos-scolari-2025-550x309.jpg 550w, https:\/\/alfabetovisual.com\/wp-content\/uploads\/2025\/09\/carlos-scolari-2025-160x90.jpg 160w\" sizes=\"(max-width: 1920px) 100vw, 1920px\" \/><\/a><\/figure>\n\n<h2 class=\"wp-block-post-title\"><a href=\"https:\/\/alfabetovisual.com\/en\/narrativas-transmedia-el-arte-de-contar-historias\/\" target=\"_self\" >Narrativas transmedia: El arte de contar historias<\/a><\/h2>\n<\/li><li class=\"wp-block-post post-5998 post type-post status-publish format-standard has-post-thumbnail hentry category-audios category-blog category-branding category-diseno-de-logos\">\n<figure class=\"alignwide wp-block-post-featured-image\"><a href=\"https:\/\/alfabetovisual.com\/en\/diseno-grafico-como-comunicacion-estrategica\/\" target=\"_self\"  ><img loading=\"lazy\" decoding=\"async\" width=\"1920\" height=\"1080\" src=\"https:\/\/alfabetovisual.com\/wp-content\/uploads\/2025\/09\/frascara-comunicacion-estrategica.jpg\" class=\"attachment-post-thumbnail size-post-thumbnail wp-post-image\" alt=\"Dise\u00f1o gr\u00e1fico como comunicaci\u00f3n estrat\u00e9gica\" style=\"object-fit:cover;\" srcset=\"https:\/\/alfabetovisual.com\/wp-content\/uploads\/2025\/09\/frascara-comunicacion-estrategica.jpg 1920w, https:\/\/alfabetovisual.com\/wp-content\/uploads\/2025\/09\/frascara-comunicacion-estrategica-300x169.jpg 300w, https:\/\/alfabetovisual.com\/wp-content\/uploads\/2025\/09\/frascara-comunicacion-estrategica-1024x576.jpg 1024w, https:\/\/alfabetovisual.com\/wp-content\/uploads\/2025\/09\/frascara-comunicacion-estrategica-768x432.jpg 768w, https:\/\/alfabetovisual.com\/wp-content\/uploads\/2025\/09\/frascara-comunicacion-estrategica-1536x864.jpg 1536w, https:\/\/alfabetovisual.com\/wp-content\/uploads\/2025\/09\/frascara-comunicacion-estrategica-18x10.jpg 18w, https:\/\/alfabetovisual.com\/wp-content\/uploads\/2025\/09\/frascara-comunicacion-estrategica-1100x619.jpg 1100w, https:\/\/alfabetovisual.com\/wp-content\/uploads\/2025\/09\/frascara-comunicacion-estrategica-550x309.jpg 550w, https:\/\/alfabetovisual.com\/wp-content\/uploads\/2025\/09\/frascara-comunicacion-estrategica-160x90.jpg 160w\" sizes=\"(max-width: 1920px) 100vw, 1920px\" \/><\/a><\/figure>\n\n<h2 class=\"wp-block-post-title\"><a href=\"https:\/\/alfabetovisual.com\/en\/diseno-grafico-como-comunicacion-estrategica\/\" target=\"_self\" >Dise\u00f1o gr\u00e1fico como comunicaci\u00f3n estrat\u00e9gica<\/a><\/h2>\n<\/li><\/ul><\/div>","protected":false},"excerpt":{"rendered":"<p>SIGUE ESTA RUTA Naming En sinton\u00eda con la identidad y visi\u00f3n de tu empresa, nuestro servicio de creaci\u00f3n de nombres ofrece variedad de opciones aut\u00e9nticas desde denominaciones s\u00f3lidas, memorables e invenciones. Dise\u00f1o de logo e identidad Este ayudar\u00e1 a tu instituci\u00f3n a lograr que lo identifiquen y escoja tu p\u00fablico objetivo, ya que vuelve tangible [&hellip;]<\/p>\n<a class=\"read-more-link\" href=\" https:\/\/alfabetovisual.com\/en\/ \">Read more<\/a>","protected":false},"author":2,"featured_media":0,"parent":0,"menu_order":0,"comment_status":"closed","ping_status":"closed","template":"home-page.php","meta":{"content-type":"","om_disable_all_campaigns":false,"_monsterinsights_skip_tracking":false,"_monsterinsights_sitenote_active":false,"_monsterinsights_sitenote_note":"","_monsterinsights_sitenote_category":0,"footnotes":""},"aioseo_notices":[],"_links":{"self":[{"href":"https:\/\/alfabetovisual.com\/en\/wp-json\/wp\/v2\/pages\/4698"}],"collection":[{"href":"https:\/\/alfabetovisual.com\/en\/wp-json\/wp\/v2\/pages"}],"about":[{"href":"https:\/\/alfabetovisual.com\/en\/wp-json\/wp\/v2\/types\/page"}],"author":[{"embeddable":true,"href":"https:\/\/alfabetovisual.com\/en\/wp-json\/wp\/v2\/users\/2"}],"replies":[{"embeddable":true,"href":"https:\/\/alfabetovisual.com\/en\/wp-json\/wp\/v2\/comments?post=4698"}],"version-history":[{"count":41,"href":"https:\/\/alfabetovisual.com\/en\/wp-json\/wp\/v2\/pages\/4698\/revisions"}],"predecessor-version":[{"id":6059,"href":"https:\/\/alfabetovisual.com\/en\/wp-json\/wp\/v2\/pages\/4698\/revisions\/6059"}],"wp:attachment":[{"href":"https:\/\/alfabetovisual.com\/en\/wp-json\/wp\/v2\/media?parent=4698"}],"curies":[{"name":"wp","href":"https:\/\/api.w.org\/{rel}","templated":true}]}}

<div class="wp-block-group av-services-title-btn-container is-content-justification-space-between is-nowrap is-layout-flex wp-container-core-group-is-layout-1 wp-block-group-is-layout-flex">
<h3 class="wp-block-heading" style="font-style:normal;font-weight:700">SIGUE ESTA RUTA</h3>



<div class="wp-block-buttons is-layout-flex wp-block-buttons-is-layout-flex">
<div class="wp-block-button has-custom-font-size av-button has-small-font-size"><a class="wp-block-button__link has-white-color has-text-color has-background has-link-color wp-element-button" href="https://alfabetovisual.com/en/contacto/" style="background-color:#a152fc">CREAR MI LOGO</a></div>
</div>
</div>



<div class="wp-block-columns av-services-container is-layout-flex wp-container-core-columns-is-layout-1 wp-block-columns-is-layout-flex">
<div class="wp-block-column is-layout-flow wp-block-column-is-layout-flow" style="flex-basis:25%">
<figure class="wp-block-image size-large"><img loading="lazy" decoding="async" width="874" height="1024" src="https://alfabetovisual.com/wp-content/uploads/2025/12/naming-2026-874x1024.jpg" alt="" class="wp-image-6056" style="object-fit:cover" srcset="https://alfabetovisual.com/wp-content/uploads/2025/12/naming-2026-874x1024.jpg 874w, https://alfabetovisual.com/wp-content/uploads/2025/12/naming-2026-256x300.jpg 256w, https://alfabetovisual.com/wp-content/uploads/2025/12/naming-2026-768x899.jpg 768w, https://alfabetovisual.com/wp-content/uploads/2025/12/naming-2026-1312x1536.jpg 1312w, https://alfabetovisual.com/wp-content/uploads/2025/12/naming-2026-10x12.jpg 10w, https://alfabetovisual.com/wp-content/uploads/2025/12/naming-2026-1100x1288.jpg 1100w, https://alfabetovisual.com/wp-content/uploads/2025/12/naming-2026-550x644.jpg 550w, https://alfabetovisual.com/wp-content/uploads/2025/12/naming-2026-160x187.jpg 160w, https://alfabetovisual.com/wp-content/uploads/2025/12/naming-2026.jpg 1421w" sizes="(max-width: 874px) 100vw, 874px" /></figure>



<h4 class="wp-block-heading"><strong>Naming</strong></h4>



<p>En sintonía con la identidad y visión de tu empresa, nuestro servicio de creación de nombres ofrece variedad de opciones auténticas desde denominaciones sólidas, memorables e invenciones.</p>
</div>



<div class="wp-block-column is-layout-flow wp-block-column-is-layout-flow" style="flex-basis:50%">
<figure class="wp-block-image size-large"><img loading="lazy" decoding="async" width="1024" height="641" src="https://alfabetovisual.com/wp-content/uploads/2025/12/logo-identidad-2026-1024x641.jpg" alt="" class="wp-image-6057" srcset="https://alfabetovisual.com/wp-content/uploads/2025/12/logo-identidad-2026-1024x641.jpg 1024w, https://alfabetovisual.com/wp-content/uploads/2025/12/logo-identidad-2026-300x188.jpg 300w, https://alfabetovisual.com/wp-content/uploads/2025/12/logo-identidad-2026-768x481.jpg 768w, https://alfabetovisual.com/wp-content/uploads/2025/12/logo-identidad-2026-1536x962.jpg 1536w, https://alfabetovisual.com/wp-content/uploads/2025/12/logo-identidad-2026-2048x1283.jpg 2048w, https://alfabetovisual.com/wp-content/uploads/2025/12/logo-identidad-2026-18x12.jpg 18w, https://alfabetovisual.com/wp-content/uploads/2025/12/logo-identidad-2026-1100x689.jpg 1100w, https://alfabetovisual.com/wp-content/uploads/2025/12/logo-identidad-2026-550x344.jpg 550w, https://alfabetovisual.com/wp-content/uploads/2025/12/logo-identidad-2026-160x100.jpg 160w" sizes="(max-width: 1024px) 100vw, 1024px" /></figure>



<h4 class="wp-block-heading"><strong>Diseño de logo e identidad</strong></h4>



<p>Este ayudará a tu institución a lograr que lo identifiquen y escoja tu público objetivo, ya que vuelve tangible sus valores de marca asociándola a formas, colores y un logotipo. El resultado es un documento para la comunicación visual que puedes usar para tus estrategias comerciales y de marketing, incluye el concepto, la guía de estilos y aplicaciones.</p>
</div>



<div class="wp-block-column is-layout-flow wp-block-column-is-layout-flow" style="flex-basis:25%">
<figure class="wp-block-image size-large"><img loading="lazy" decoding="async" width="874" height="1024" src="https://alfabetovisual.com/wp-content/uploads/2025/12/registro-2026-874x1024.jpg" alt="" class="wp-image-6058" srcset="https://alfabetovisual.com/wp-content/uploads/2025/12/registro-2026-874x1024.jpg 874w, https://alfabetovisual.com/wp-content/uploads/2025/12/registro-2026-256x300.jpg 256w, https://alfabetovisual.com/wp-content/uploads/2025/12/registro-2026-768x899.jpg 768w, https://alfabetovisual.com/wp-content/uploads/2025/12/registro-2026-1312x1536.jpg 1312w, https://alfabetovisual.com/wp-content/uploads/2025/12/registro-2026-10x12.jpg 10w, https://alfabetovisual.com/wp-content/uploads/2025/12/registro-2026-1100x1288.jpg 1100w, https://alfabetovisual.com/wp-content/uploads/2025/12/registro-2026-550x644.jpg 550w, https://alfabetovisual.com/wp-content/uploads/2025/12/registro-2026-160x187.jpg 160w, https://alfabetovisual.com/wp-content/uploads/2025/12/registro-2026.jpg 1421w" sizes="(max-width: 874px) 100vw, 874px" /></figure>



<h4 class="wp-block-heading"><strong>Registro</strong></h4>



<p>Esta protección fortalece la diferenciación competitiva al destacar tu identidad en un mercado saturado. El registro de marca convierte tu identidad comercial en un activo valioso.</p>
</div>
</div>



<h2 class="wp-block-heading av-blog-title has-large-font-size">BLOG</h2>



<div class="wp-block-query is-layout-flow wp-block-query-is-layout-flow"><ul class="av-posts-container wp-block-post-template is-layout-flow wp-block-post-template-is-layout-flow"><li class="wp-block-post post-6007 post type-post status-publish format-standard has-post-thumbnail hentry category-audios category-blog">
<figure class="alignwide wp-block-post-featured-image"><a href="https://alfabetovisual.com/en/dinero-y-diseno/" target="_self"  ><img loading="lazy" decoding="async" width="1920" height="1080" src="https://alfabetovisual.com/wp-content/uploads/2025/09/capslock-2-1.jpg" class="attachment-post-thumbnail size-post-thumbnail wp-post-image" alt="Dinero y Diseño" style="object-fit:cover;" srcset="https://alfabetovisual.com/wp-content/uploads/2025/09/capslock-2-1.jpg 1920w, https://alfabetovisual.com/wp-content/uploads/2025/09/capslock-2-1-300x169.jpg 300w, https://alfabetovisual.com/wp-content/uploads/2025/09/capslock-2-1-1024x576.jpg 1024w, https://alfabetovisual.com/wp-content/uploads/2025/09/capslock-2-1-768x432.jpg 768w, https://alfabetovisual.com/wp-content/uploads/2025/09/capslock-2-1-1536x864.jpg 1536w, https://alfabetovisual.com/wp-content/uploads/2025/09/capslock-2-1-18x10.jpg 18w, https://alfabetovisual.com/wp-content/uploads/2025/09/capslock-2-1-1100x619.jpg 1100w, https://alfabetovisual.com/wp-content/uploads/2025/09/capslock-2-1-550x309.jpg 550w, https://alfabetovisual.com/wp-content/uploads/2025/09/capslock-2-1-160x90.jpg 160w" sizes="(max-width: 1920px) 100vw, 1920px" /></a></figure>

<h2 class="wp-block-post-title"><a href="https://alfabetovisual.com/en/dinero-y-diseno/" target="_self" >Dinero y Diseño</a></h2>
</li><li class="wp-block-post post-6002 post type-post status-publish format-standard has-post-thumbnail hentry category-audios category-blog">
<figure class="alignwide wp-block-post-featured-image"><a href="https://alfabetovisual.com/en/narrativas-transmedia-el-arte-de-contar-historias/" target="_self"  ><img loading="lazy" decoding="async" width="1920" height="1080" src="https://alfabetovisual.com/wp-content/uploads/2025/09/carlos-scolari-2025.jpg" class="attachment-post-thumbnail size-post-thumbnail wp-post-image" alt="Narrativas transmedia: El arte de contar historias" style="object-fit:cover;" srcset="https://alfabetovisual.com/wp-content/uploads/2025/09/carlos-scolari-2025.jpg 1920w, https://alfabetovisual.com/wp-content/uploads/2025/09/carlos-scolari-2025-300x169.jpg 300w, https://alfabetovisual.com/wp-content/uploads/2025/09/carlos-scolari-2025-1024x576.jpg 1024w, https://alfabetovisual.com/wp-content/uploads/2025/09/carlos-scolari-2025-768x432.jpg 768w, https://alfabetovisual.com/wp-content/uploads/2025/09/carlos-scolari-2025-1536x864.jpg 1536w, https://alfabetovisual.com/wp-content/uploads/2025/09/carlos-scolari-2025-18x10.jpg 18w, https://alfabetovisual.com/wp-content/uploads/2025/09/carlos-scolari-2025-1100x619.jpg 1100w, https://alfabetovisual.com/wp-content/uploads/2025/09/carlos-scolari-2025-550x309.jpg 550w, https://alfabetovisual.com/wp-content/uploads/2025/09/carlos-scolari-2025-160x90.jpg 160w" sizes="(max-width: 1920px) 100vw, 1920px" /></a></figure>

<h2 class="wp-block-post-title"><a href="https://alfabetovisual.com/en/narrativas-transmedia-el-arte-de-contar-historias/" target="_self" >Narrativas transmedia: El arte de contar historias</a></h2>
</li><li class="wp-block-post post-5998 post type-post status-publish format-standard has-post-thumbnail hentry category-audios category-blog category-branding category-diseno-de-logos">
<figure class="alignwide wp-block-post-featured-image"><a href="https://alfabetovisual.com/en/diseno-grafico-como-comunicacion-estrategica/" target="_self"  ><img loading="lazy" decoding="async" width="1920" height="1080" src="https://alfabetovisual.com/wp-content/uploads/2025/09/frascara-comunicacion-estrategica.jpg" class="attachment-post-thumbnail size-post-thumbnail wp-post-image" alt="Diseño gráfico como comunicación estratégica" style="object-fit:cover;" srcset="https://alfabetovisual.com/wp-content/uploads/2025/09/frascara-comunicacion-estrategica.jpg 1920w, https://alfabetovisual.com/wp-content/uploads/2025/09/frascara-comunicacion-estrategica-300x169.jpg 300w, https://alfabetovisual.com/wp-content/uploads/2025/09/frascara-comunicacion-estrategica-1024x576.jpg 1024w, https://alfabetovisual.com/wp-content/uploads/2025/09/frascara-comunicacion-estrategica-768x432.jpg 768w, https://alfabetovisual.com/wp-content/uploads/2025/09/frascara-comunicacion-estrategica-1536x864.jpg 1536w, https://alfabetovisual.com/wp-content/uploads/2025/09/frascara-comunicacion-estrategica-18x10.jpg 18w, https://alfabetovisual.com/wp-content/uploads/2025/09/frascara-comunicacion-estrategica-1100x619.jpg 1100w, https://alfabetovisual.com/wp-content/uploads/2025/09/frascara-comunicacion-estrategica-550x309.jpg 550w, https://alfabetovisual.com/wp-content/uploads/2025/09/frascara-comunicacion-estrategica-160x90.jpg 160w" sizes="(max-width: 1920px) 100vw, 1920px" /></a></figure>

<h2 class="wp-block-post-title"><a href="https://alfabetovisual.com/en/diseno-grafico-como-comunicacion-estrategica/" target="_self" >Diseño gráfico como comunicación estratégica</a></h2>
</li></ul></div>

<p>SIGUE ESTA RUTA Naming En sintonía con la identidad y visión de tu empresa, nuestro servicio de creación de nombres ofrece variedad de opciones auténticas desde denominaciones sólidas, memorables e invenciones. Diseño de logo e identidad Este ayudará a tu institución a lograr que lo identifiquen y escoja tu público objetivo, ya que vuelve tangible [&hellip;]</p>
<a class="read-more-link" href=" https://alfabetovisual.com/en/ ">Read more</a>
